 4*l**2 - 3. What is m(4)?
-3
Let c(r) = r**2 + 8*r - 41. Calculate c(-12).
7
Let g(v) = v**3 - 3*v**2 - 3*v + 16. What is g(3)?
7
Let v(t) = 2*t**3 - t**2. What is v(-1)?
-3
Let o(r) = -r**3 - 5*r**2 - 5*r + 3. Give o(-5).
28
Let f(g) = 15*g + 10. Determine f(-4).
-50
Let b(m) = m**2 + 2*m + 2. Give b(-1).
1
Let w(d) = d**2 - 164*d + 163. Calculate w(1).
0
Let g(a) = a**2 + a - 80. Determine g(-9).
-8
Let n(s) = -s**3 + 8*s**2 + 23*s - 16. Give n(10).
14
Let q(b) = 3*b**3 - 2*b - 1. Calculate q(-1).
-2
Let x(p) = -p + 12. What is x(11)?
1
Let m(s) = -2*s + 2. Calculate m(4).
-6
Let n(s) = 2*s + 12. Determine n(-9).
-6
Let o(t) = 2*t - 13. Determine o(7).
1
Let c(l) = -8*l + 84. Calculate c(10).
4
Let n(v) = -v**3 - 9*v**2 - 6*v + 8. What is n(-8)?
-8
Let o(d) = -8*d + 19. Give o(6).
-29
Let p(c) = -c**3 - 12*c**2 + 15*c + 32. Give p(-13).
6
Let d(c) = -c**3 + 6*c**2 - 4*c + 4. Determine d(6).
-20
Let b(m) = 7*m + 42. Calculate b(-6).
0
Let c(s) = 4*s - 29. Give c(5).
-9
Let v(y) = y**2 + 15*y + 5. Determine v(-14).
-9
Let h(o) = 4*o + 6. Determine h(-5).
-14
Let u(y) = -4*y + 51. What is u(14)?
-5
Let f(q) = q + 2. Calculate f(6).
8
Let a(u) = u**3 + 2*u**2 - u + 1. What is a(-3)?
-5
Let s(z) = z**3 - 3*z**2 - 16*z - 8. Calculate s(6).
4
Let v(n) = -n - 5. Calculate v(-6).
1
Let n(a) = 3*a - 20. Give n(10).
10
Let y(g) = 2*g**2 + 3*g + 3. Calculate y(-8).
107
Let b(r) = r**2 - 4*r - 19. Calculate b(8).
13
Let u(y) = -y**2 + 4*y + 4. What is u(5)?
-1
Let q(d) = -d. Give q(-13).
13
Let a(i) = 6*i**2 - 7*i + 4. Give a(2).
14
Let x(f) = -2*f + 4. Calculate x(-1).
6
Let t(c) = -2*c**2 + 48*c. What is t(24)?
0
Let n(f) = 2*f**2 + 13*f + 10. Determine n(-3).
-11
Let p(w) = w**2 - 18*w. What is p(18)?
0
Let y(u) = -u**2 + 3*u - 4. Give y(6).
-22
Let k(h) = h**2 - 4*h - 51. Give k(9).
-6
Let i(j) = -4*j. Give i(-1).
4
Let i(b) = -b**3 + 15*b**2 - 25*b - 9. What is i(13)?
4
Let q(l) = l**3 - 23*l**2 + 26*l - 26. Calculate q(22).
62
Let n(h) = -h + 15. Determine n(27).
-12
Let b(a) = -a**3 - 17*a**2 + 167*a - 31. Give b(-24).
-7
Let z(v) = -2*v**2 - 2*v + 1. Give z(5).
-59
Let d(x) = x**3 + 11*x**2 - 13*x + 6. What is d(-12)?
18
Let g(b) = -b**3 - 6*b**2 - 7*b + 1. Determine g(-5).
11
Let f(y) = -y - 6. What is f(3)?
-9
Let q(r) = -10*r**3 + r**2 + 6*r + 5. Determine q(-1).
10
Let o(i) = 6*i**3 + 59*i**2 - 9*i + 23. What is o(-10)?
13
Let y(j) = -6*j + 19. What is y(4)?
-5
Let c(q) = -q**3 + 7*q - 10. What is c(-5)?
80
Let d(h) = h**2 - 9. Determine d(-3).
0
Let l(u) = -u**3 - 4*u**2 - 4*u - 28. Give l(-4).
-12
Let k(p) = p**2 - 5*p - 2. Calculate k(3).
-8
Let u(z) = -16*z - 22. What is u(1)?
-38
Let j(b) = -b**3 - b**2 + 13*b + 24. Calculate j(-3).
3
Let m(j) = j**2 - 21*j + 17. What is m(21)?
17
Let x(q) = q**2 - 7*q - 5. Give x(5).
-15
Let s(t) = 3*t - 8. Determine s(-7).
-29
Let d(c) = -c**2 + 8*c + 15. Calculate d(10).
-5
Let a(v) = -v**3 - 7*v**2 + 7*v + 5. Give a(-8).
13
Let h(z) = -z**3 + 7*z**2 - 6*z. Give h(6).
0
Let u(h) = h**3 + 2*h**2 - 3*h - 3. What is u(-4)?
-23
Let a(n) = -n**2 + 2*n + 11. Give a(14).
-157
Let k(n) = n**3 - 7*n**2 - 12*n - 18. What is k(9)?
36
Let c(r) = r**3 - 2*r**2 + 3*r - 11. Give c(0).
-11
Let w(t) = 5*t - 4. What is w(-2)?
-14
Let r(v) = -8*v**3 - 3*v**2 + 2*v + 3. Give r(2).
-69
Let i(l) = -l**3 - 23*l**2 + 21*l - 54. What is i(-24)?
18
Let l(w) = -w**3 + w**2 + 7*w - 9. Determine l(2).
1
Let q(p) = p**3 - 3*p**2 - 19*p + 3. What is q(6)?
-3
Let p(t) = 33*t**2 + t. Give p(-1).
32
Let l(v) = 2*v + 3. Give l(-13).
-23
Let p(w) = w**3 - 7*w**2 - 2*w + 4. Give p(7).
-10
Let m(p) = -p**3 - 3*p**2 + 9*p + 14. Calculate m(-5).
19
Let w(z) = 3*z + 12. Give w(-9).
-15
Let g(q) = -q**3 - 2*q**2 + 6*q + 3. Determine g(-3).
-6
Let q(c) = -c**2 + 6*c - 7. Calculate q(5).
-2
Let m(q) = 13*q - 259. Give m(24).
53
Let w(a) = -a + 3. Calculate w(4).
-1
Let j(r) = r**3 - 10*r**2 - r - 2. Calculate j(10).
-12
Let i(a) = a**3 + 8*a**2 + 3*a + 14. Determine i(-8).
-10
Let g(s) = -9*s + 10. Calculate g(3).
-17
Let r(f) = 9*f + 3. Give r(3).
30
Let c(o) = -7*o**2 - 5*o + 4. Calculate c(3).
-74
Let s(l) = -l - 12. Give s(0).
-12
Let q(k) = k**3 - k**2 - k - 2. Calculate q(0).
-2
Let z(h) = -2*h + 12. Give z(4).
4
Let i(y) = -y**2 + 14*y - 6. Determine i(3).
27
Let k(s) = -s**2 - 9*s - 14. Give k(-14).
-84
Let g(n) = -n**2 - 9*n - 24. Give g(-9).
-24
Let m(b) = b**3 - 9*b**2 - b + 5. What is m(9)?
-4
Let v(r) = -r + 8. What is v(6)?
2
Let r(m) = -m**3 - 4*m**2 + 2*m - 17. Give r(-5).
-2
Let u(h) = -13*h. Calculate u(2).
-26
Let x(h) = 11*h**2 - 3*h - 3. Calculate x(-2).
47
Let i(n) = -6*n - 5. What is i(3)?
-23
Let t(z) = 2*z - 5. Give t(27).
49
Let f(a) = a**2 - a - 26. Calculate f(11).
84
Let j(n) = n**3 + 2*n**2 - 2*n - 1. Determine j(-4).
-25
Let u(f) = -f**3 - 4*f**2 + 2*f - 2. Give u(2).
-22
Let p(y) = y**3 - 6*y**2 + 2*y + 10. Calculate p(5).
-5
Let i(u) = 11*u - 1. What is i(6)?
65
Let m(g) = g**2 + 10*g + 26. Determine m(-3).
5
Let y(k) = -3*k + 11. What is y(-6)?
29
Let x(c) = -c**3 - 18*c**2 - 20*c + 196. Give x(-16).
4
Let o(j) = j**3 - 12*j**2 + j - 13. Calculate o(12).
-1
Let h(t) = -t**3 + 5*t**2 + 3*t + 7. Calculate h(6).
-11
Let y(g) = 4*g**2 + 25*g - 4. Determine y(-6).
-10
Let x(c) = c**3 + 6*c**2 + 3*c - 3. Determine x(-5).
7
Let v(n) = n**3 + 2*n**2 - 6*n + 7. Give v(-5).
-38
Let k(d) = 22*d - 1. Calculate k(1).
21
Let p(g) = -2*g**3 - 16*g**2 - 9*g + 34. What is p(-7)?
-1
Let s(p) = p**2 + 30*p + 135. Calculate s(-22).
-41
Let x(b) = -b**2 - 10*b + 13. Give x(-12).
-11
Let n(u) = 53*u + 32. Give n(-1).
-21
Let a(y) = 2*y**3 - 15*y**2 - 14*y - 8. Determine a(8).
-56
Let n(j) = j**3 - 6*j**2 + 15*j - 41. Calculate n(5).
9
Let b(w) = -w**2 - w - 71. Determine b(0).
-71
Let o(z) = z**2 + 5*z - 16. Calculate o(-7).
-2
Let n(f) = -2*f**2 + 6*f + 38. Give n(10).
-102
Let y(r) = -10*r - 4. Determine y(-2).
16
Let d(o) = 4*o + 34. Give d(-22).
-54
Let a(j) = 4*j**2 - 9*j + 14. Calculate a(4).
42
Let f(d) = 2*d**2 - 37*d - 62. What is f(20)?
-2
Let z(a) = -38*a + 73. Give z(2).
-3
Let b(g) = g**3 - g**2 - 2*g + 4. Give b(0).
4
Let t(r) = -3*r + 47. What is t(-14)?
89
Let k(p) = -p**3 - 10*p**2 + 12*p + 3. What is k(-11)?
-8
Let r(w) = w**3 - 5*w**2 - w + 11. What is r(5)?
6
Let z(m) = 8*m**3 - 3*m**2 + m + 4. What is z(2)?
58
Let t(k) = 23*k**3 + 2*k - 1. Give t(1).
24
Let y(t) = -17*t - 1. Calculate y(1).
-18
Let m(l) = l**3 - 3*l**2 + 5*l - 2. Determine m(3).
13
Let q(k) = k**3 + 4*k**2 - 34*k - 19. Calculate q(-8).
-3
Let l(h) = h**2 - 30*h - 70. Calculate l(32).
-6
Let p(i) = 2*i + 58. Calculate p(-27).
4
Let n(s) = 3*s + 81. Calculate n(-30).
-9
Let r(m) = 2*m**3 - m**2 - 6*m + 13. What is r(2)?
13
Let r(i) = -3*i + 14. What is r(6)?
-4
Let p(o) = -4*o**2 - 3*o + 2. Determine p(-2).
-8
Let p(u) = -4*u - 11. Give p(-4).
5
Let g(o) = 21*o + 2. Give g(2).
44
Let m(q) = -3*q**2 + 3*q + 2. Calculate m(-1).
-4
Let d(g) = -2*g**2 - 11*g - 9. Calculate d(-6).
-15
Let s(c) = 3*c**3 + 2*c + 3. Give s(-2).
-25
Let q(l) = 13*l - 77. What is q(7)?
14
Let k(t) = -t**3 + 13*t**2 - t + 12. Determine k(13).
-1
Let h(k) = -26*k**2 - 2*k - 3. What is h(-2)?
-103
Let c(j) = -2*j + 2. Give c(-3).
8
Let r(p) = p + 5. Determine r(-7).
-2
Let m(p) = -7*p - 10. Determine m(-1).
-3
Let p(u) = -u**3 + 2*u**2 + 3*u + 1. Calculate p(5).
-59
Let q(j) = -j**3 - 2*j**2 + 2. Determine q(-1).
1
Let p(t) = 2*t**2 + 26*t - 26. What is p(-15)?
34
Let l(m) = -m**3 + 9*m**2 - 4*m - 12. Calculate l(9).
-48
Let l(f) = -2*f**2 + 25*f + 18. Give l(13).
5
Let y(h) = 5*h**2 + 2*h - 2. Calculate y(-2).
14
Let o(i) = -2*i**2 + 2*i. Calculate o(-3).
-24
Let t(w) = -w**3 + 11*w**2 - 2*w + 12. What is t(11)?
-10
Let f(h) = 2*h**2 + h + 5. Determine f(-5).
50
Let n(b) = -2*b**3 + b**2. Calculate n(2).
-12
Let u(s) = s**3 + 4*s**2 + s + 4. Determine u(-5).
-26
Let k(h) = -3*h**3 + 3*h**2 - 4*h + 2. What is k(3)?
-64
Let a(h) = h**3 + 15*h**2 + 14*h - 14. Give a(-14).
-14
Let p(r) = -11*r + 3. Give p(-2).
25
Let a(o) = o**2 - 35. Determine a(0).
-35
Let b(t) = -4*t**2 + 20*t. Calculate b(3).
24
Let s(v) = 3*v + 11. What is s(-3)?
2
Let u(t) = t**2 + 28*t + 117. What is u(-5)?
2
Let o(n) = n**3 - 21*n**2 + 35*n + 8. What is o(19)?
-49
Let b(p) = -p**3 - 11*p**2 + 14*p -